1011100 (base 2) to base 13
-71
Convert -7 (base 12) to base 14.
-7
-4 (base 12) to base 10
-4
What is -11 (base 2) in base 8?
-3
14 (base 8) to base 14
c
Convert 2a (base 11) to base 16.
20
-23 (base 11) to base 12
-21
What is 111 (base 2) in base 4?
13
Convert -23 (base 4) to base 7.
-14
2 (base 15) to base 2
10
What is 1 (base 7) in base 10?
1
What is -10a (base 16) in base 2?
-100001010
Convert 10 (base 2) to base 7.
2
Convert -120 (base 8) to base 2.
-1010000
Convert -72 (base 10) to base 2.
-1001000
What is -9d (base 15) in base 12?
-104
226 (base 13) to base 5
2440
What is 20 (base 4) in base 11?
8
-12a (base 13) to base 11
-177
Convert -1 (base 3) to base 11.
-1
What is 2 (base 15) in base 3?
2
What is 17 (base 13) in base 12?
18
What is -d (base 16) in base 15?
-d
0 (base 14) to base 11
0
What is 8 (base 10) in base 9?
8
What is 56 (base 10) in base 13?
44
e (base 16) to base 10
14
What is -87 (base 11) in base 16?
-5f
33 (base 4) to base 10
15
What is -ba (base 16) in base 4?
-2322
33 (base 12) to base 2
100111
What is -331 (base 4) in base 3?
-2021
Convert -40 (base 9) to base 16.
-24
Convert 136 (base 7) to base 11.
6a
What is -6 (base 16) in base 14?
-6
What is 0 (base 5) in base 2?
0
8 (base 14) to base 7
11
What is -18 (base 14) in base 10?
-22
372 (base 8) to base 9
307
Convert 155 (base 12) to base 16.
d1
3 (base 9) to base 12
3
12 (base 5) to base 16
7
What is -2222 (base 4) in base 11?
-145
Convert 1002 (base 4) to base 7.
123
What is 3 (base 6) in base 5?
3
-3 (base 10) to base 3
-10
10c (base 13) to base 10
181
15 (base 6) to base 15
b
Convert -4 (base 16) to base 14.
-4
Convert -106 (base 11) to base 9.
-151
2b (base 16) to base 5
133
What is -67 (base 13) in base 3?
-10011
What is 0 (base 2) in base 9?
0
-8 (base 13) to base 4
-20
80 (base 12) to base 13
75
-6b (base 15) to base 16
-65
Convert 8 (base 10) to base 3.
22
What is -34 (base 7) in base 4?
-121
What is c (base 16) in base 15?
c
Convert -d (base 16) to base 15.
-d
Convert 142 (base 10) to base 2.
10001110
Convert -2121 (base 3) to base 8.
-106
1 (base 8) to base 11
1
What is -8 (base 12) in base 14?
-8
-1001 (base 2) to base 12
-9
What is -11 (base 10) in base 16?
-b
2 (base 13) to base 12
2
What is -44 (base 11) in base 16?
-30
What is -1 (base 13) in base 8?
-1
Convert 12 (base 9) to base 2.
1011
Convert -1055 (base 6) to base 15.
-11b
What is -83 (base 10) in base 3?
-10002
Convert 40 (base 6) to base 11.
22
What is -432 (base 5) in base 11?
-a7
What is 4 (base 14) in base 7?
4
-1 (base 9) to base 2
-1
-76 (base 12) to base 9
-110
Convert -11023 (base 4) to base 15.
-171
Convert 144 (base 5) to base 9.
54
What is -2 (base 3) in base 13?
-2
What is -3 (base 8) in base 11?
-3
Convert 5 (base 11) to base 12.
5
13 (base 16) to base 5
34
-38 (base 9) to base 7
-50
0 (base 8) to base 10
0
36 (base 12) to base 7
60
Convert 0 (base 3) to base 8.
0
What is -2 (base 15) in base 13?
-2
What is 4b (base 12) in base 10?
59
Convert -131 (base 5) to base 3.
-1112
-13 (base 4) to base 9
-7
4 (base 9) to base 11
4
What is -35 (base 13) in base 14?
-32
-1a (base 14) to base 2
-11000
Convert -334 (base 6) to base 15.
-8a
Convert -2 (base 3) to base 13.
-2
-6 (base 11) to base 12
-6
Convert -31 (base 8) to base 14.
-1b
What is 0 (base 10) in base 15?
0
Convert -b (base 13) to base 9.
-12
What is 1000 (base 2) in base 9?
8
6 (base 13) to base 12
6
-10101 (base 2) to base 10
-21
2b (base 12) to base 2
100011
What is -2 (base 12) in base 13?
-2
Convert 110100 (base 2) to base 5.
202
Convert -28 (base 10) to base 7.
-40
What is -11 (base 10) in base 15?
-b
What is -6 (base 8) in base 14?
-6
Convert -1 (base 11) to base 3.
-1
Convert -4 (base 13) to base 5.
-4
Convert 321 (base 4) to base 10.
57
4 (base 13) to base 2
100
What is -ab (base 13) in base 4?
-2031
Convert -17 (base 14) to base 7.
-30
Convert -13 (base 11) to base 3.
-112
What is -120 (base 11) in base 8?
-217
-a (base 13) to base 3
-101
52 (base 7) to base 11
34
What is 33 (base 5) in base 4?
102
Convert 3 (base 12) to base 15.
3
Convert -5 (base 12) to base 15.
-5
Convert -15 (base 11) to base 6.
-24
What is -10 (base 3) in base 16?
-3
What is -16b (base 14) in base 15?
-146
Convert -7 (base 15) to base 8.
-7
-252 (base 10) to base 14
-140
Convert 5 (base 9) to base 13.
5
121 (base 4) to base 6
41
Convert 13 (base 7) to base 9.
11
4 (base 5) to base 14
4
62 (base 14) to base 10
86
What is 10 (base 12) in base 9?
13
Convert 2 (base 6) to base 8.
2
What is -42 (base 11) in base 8?
-56
What is -1 (base 12) in base 15?
-1
0 (base 14) to base 7
0
What is -111100 (base 2) in base 10?
-60
Convert 0 (base 8) to base 3.
0
What is 5 (base 14) in base 9?
5
Convert -8 (base 13) to base 7.
-11
-1002 (base 3) to base 8
-35
What is 7 (base 9) in base 11?
7
Convert -39 (base 11) to base 4.
-222
Convert -1 (base 9) to base 16.
-1
What is -48 (base 16) in base 3?
-2200
What is -1d (base 14) in base 10?
-27
Convert 4 (base 12) to base 5.
4
8 (base 16) to base 10
8
Convert 14 (base 9) to base 10.
13
What is -1 (base 13) in base 5?
-1
What is 19 (base 10) in base 13?
16
What is 70 (base 14) in base 6?
242
Convert 212 (base 14) to base 16.
198
-106 (base 8) to base 2
-1000110
-2 (base 3) to base 11
-2
What is 32 (base 4) in base 15?
e
Convert -2 (base 6) to base 13.
-2
12 (base 9) to base 12
b
Convert -2021 (base 4) to base 10.
-137
9 (base 10) to base 5
14
What is 2 (base 10) in base 8?
2
What is 53 (base 6) in base 11?
30
Convert 2 (base 16) to base 3.
2
What is 25 (base 8) in base 16?
15
What is 102 (base 6) in base 5?
123
What is -3 (base 10) in base 6?
-3
What is 18 (base 11) in base 10?
19
What is 11 (base 6) in base 2?
111
What is 11 (base 5) in base 16?
6
Convert 23 (base 5) to base 10.
13
Convert 7 (base 12) to base 11.
7
Convert 3 (base 11) to base 5.
3
What is -505 (base 6) in base 10?
-185
What is 16 (base 8) in base 15?
e
Convert 0 (base 14) to base 3.
0
Convert 5 (base 9) to base 15.
5
What is 1 (base 12) in base 10?
1
What is -165 (base 7) in base 4?
-1200
-10 (base 15) to base 13
-12
14 (base 14) to base 15
13
3 (base 11) to base 6
3
What is -2 (base 10) in base 16?
-2
120 (base 4) to base 6
40
What is -1010 (base 2) in base 9?
-11
What is -171 (base 11) in base 14?
-103
Convert 11101 (base 2) to base 8.
35
What is -11 (base 5) in base 15?
-6
What is 171 (base 10) in base 7?
333
-10000101 (base 2) to base 5
-1013
Convert 10 (base 9) to base 14.
9
What is -12 (base 10) in base 16?
-c
What is -11 (base 9) in base 14?
-a
3c (base 14) to base 6
130
What is 16 (base 8) in base 2?
1110
57 (base 8) to base 15
32
What is -32 (base 7) in base 6?
-35
a (base 14) to base 12
a
Convert 3 (base 13) to base 12.
3
What is 164 (base 10) in base 9?
202
Convert -2 (base 8) to base 7.
-2
Convert -310 (base 4) to base 3.
-1221
Convert 0 (base 10) to base 6.
0
Convert 3 (base 11) to base 6.
3
Convert -1 (base 12) to base 5.
-1
Convert -1001 (base 3) to base 2.
-11100
What is 6 (base 15) in base 6?
10
Convert -1044 (base 5) to base 12.
-105
Convert -1011 (base 2) to base 8.
-13
101 (base 2) to base 10
5
Convert -20 (base 15) to base 7.
-42
Convert 1111 (base 2) to base 14.
11
a (base 16) to base 13
a
Convert 3 (base 10) to base 9.
3
a2 (base 14) to base 15
97
Convert 1310 (base 4) to base 12.
98
17 (base 8) to base 10
15
-10 (base 10) to base 11
-a
1 (base 5) to base 11
1
2 (base 14) to base 2
10
Convert -21 (base 3) to base 7.
-10
What is 7 (base 16) in base 10?
7
Convert -8 (base 12) to base 10.
-8
Convert -8 (base 14) to base 4.
-20
Convert -4 (base 12) to base 11.
-4
What is 34 (base 15) in base 16?
31
Convert 43 (base 14) to base 10.
59
What is -1010010 (base 2) in base 10?
-82
Convert -11 (base 7) to base 2.
-1000
What is 7 (base 15) in base 2?
111
What is -6 (base 10) in base 16?
-6
Convert 8 (base 15) to base 11.
8
4 (base 6) to base 13
4
Convert -6a (base 11) to base 9.
-84
1 (base 2) to base 11
1
What is -100 (base 12) in base 3?
-12100
What is -135 (base 9) in base 7?
-221
What is -1142 (base 5) in base 6?
-444
What is ac (base 13) in base 11?
11a
What is -112 (base 3) in base 5?
-24
What is -17 (base 10) in base 9?
-18
-54 (base 9) to base 10
-49
What is -26 (base 13) in base 16?
-20
What is 22 (base 3) in base 13?
8
a (base 14) to